5 and 2635.
85
Calculate the greatest common factor of 1827 and 785001.
609
What is the highest common factor of 1945 and 135?
5
Calculate the greatest common divisor of 20640 and 2976.
96
Calculate the greatest common divisor of 4941942 and 1110.
222
Calculate the greatest common factor of 5476 and 37.
37
Calculate the greatest common divisor of 65 and 29830.
5
What is the greatest common factor of 7008 and 18?
6
Calculate the highest common divisor of 1276 and 174232.
116
What is the highest common divisor of 55224 and 8?
8
What is the greatest common divisor of 35939 and 166?
83
Calculate the greatest common divisor of 17128 and 88.
8
Calculate the highest common factor of 253932 and 132.
12
What is the greatest common divisor of 235061 and 37?
37
What is the greatest common divisor of 159823 and 181?
181
What is the highest common factor of 32 and 1201360?
16
Calculate the greatest common factor of 938532 and 84.
84
Calculate the greatest common divisor of 7111 and 15522.
13
Calculate the greatest common factor of 6371678 and 155.
31
What is the highest common factor of 574398 and 33?
33
Calculate the greatest common factor of 917 and 1589.
7
Calculate the greatest common divisor of 652 and 7987.
163
Calculate the highest common divisor of 39972 and 588.
12
Calculate the greatest common divisor of 1625474 and 142.
142
Calculate the highest common factor of 175591 and 1352.
169
What is the greatest common factor of 2 and 32570?
2
Calculate the greatest common divisor of 82422 and 33981.
723
Calculate the greatest common factor of 12 and 11604.
12
What is the highest common divisor of 89160 and 60926?
1486
Calculate the greatest common divisor of 130 and 1690.
130
Calculate the highest common factor of 12559 and 19.
19
Calculate the greatest common factor of 11737 and 605.
121
What is the highest common factor of 417 and 14039?
139
What is the greatest common divisor of 395 and 1535?
5
What is the highest common divisor of 9695 and 35?
35
What is the highest common divisor of 528 and 3344?
176
Calculate the highest common factor of 2101984 and 64.
32
What is the greatest common factor of 11747 and 187?
17
What is the greatest common factor of 168 and 33540?
12
Calculate the greatest common divisor of 2723751 and 201.
201
Calculate the highest common factor of 344 and 3246328.
344
What is the greatest common divisor of 225370 and 60?
10
Calculate the greatest common factor of 14 and 34426.
14
Calculate the greatest common divisor of 3714 and 90.
6
What is the greatest common factor of 312 and 302640?
312
What is the highest common divisor of 6642 and 1161?
27
Calculate the greatest common factor of 133 and 223769.
7
What is the highest common divisor of 1673 and 13573?
7
Calculate the greatest common divisor of 124973 and 141.
47
What is the greatest common factor of 20136 and 216?
24
What is the greatest common divisor of 14043 and 651?
93
Calculate the greatest common divisor of 2 and 6163.
1
What is the greatest common factor of 1015581 and 137?
137
What is the greatest common divisor of 40 and 396960?
40
What is the highest common factor of 635 and 1600?
5
Calculate the highest common factor of 100819 and 82.
41
Calculate the greatest common divisor of 23091 and 90171.
129
What is the highest common divisor of 759339 and 126?
63
What is the greatest common factor of 1230 and 19926?
246
Calculate the highest common factor of 410597 and 229.
229
Calculate the greatest common factor of 407984 and 2965.
593
What is the greatest common divisor of 22 and 1125201?
11
What is the highest common divisor of 51064 and 312?
104
Calculate the greatest common factor of 73700 and 440.
220
Calculate the highest common divisor of 576 and 180000.
288
What is the greatest common divisor of 75 and 158325?
75
Calculate the greatest common divisor of 1346032 and 96.
16
Calculate the highest common divisor of 310799 and 23.
23
What is the highest common divisor of 56 and 16954?
14
What is the greatest common divisor of 260960 and 160?
160
What is the highest common factor of 20 and 316532?
4
Calculate the greatest common divisor of 51 and 18411.
51
What is the greatest common factor of 343847 and 21?
7
Calculate the highest common divisor of 2800 and 109025.
175
Calculate the greatest common factor of 1540307 and 2307.
769
Calculate the highest common divisor of 50160 and 3180.
60
What is the highest common factor of 41670 and 6?
6
Calculate the greatest common factor of 20 and 602740.
20
What is the highest common divisor of 140244 and 174?
174
Calculate the greatest common factor of 3454 and 955188.
314
What is the highest common factor of 2956400 and 285?
95
What is the highest common divisor of 195411 and 1643?
53
Calculate the highest common factor of 3696 and 21945.
231
What is the greatest common factor of 8220 and 1410?
30
What is the greatest common factor of 297 and 194238?
297
What is the highest common factor of 306 and 9894?
102
What is the greatest common factor of 185 and 18833?
37
What is the highest common divisor of 321363 and 1071?
63
What is the greatest common divisor of 72600 and 12060?
60
Calculate the greatest common divisor of 6464 and 185436.
404
Calculate the highest common divisor of 7182 and 798.
798
Calculate the greatest common divisor of 10 and 7405.
5
Calculate the highest common divisor of 6545 and 25.
5
Calculate the greatest common factor of 9393 and 698718.
303
What is the highest common factor of 522 and 25694?
58
What is the highest common divisor of 873 and 3589?
97
What is the highest common divisor of 86141 and 1107?
41
Calculate the highest common divisor of 224487 and 45.
9
What is the highest common divisor of 803 and 44?
11
Calculate the greatest common factor of 120 and 56136.
24
Calculate the greatest common factor of 130 and 1460.
10
What is the greatest common divisor of 81 and 1584?
9
What is the highest common factor of 1171300 and 1360?
340
What is the greatest common divisor of 13210 and 190?
10
Calculate the greatest common divisor of 1418088 and 840.
168
Calculate the greatest common divisor of 1809525 and 45.
15
What is the highest common factor of 803 and 128407?
73
Calculate the highest common divisor of 46900 and 9100.
700
What is the highest common factor of 30340 and 1025?
205
What is the greatest common divisor of 39112 and 36?
4
Calculate the highest common divisor of 110 and 383035.
5
What is the greatest common factor of 3721271 and 31?
31
Calculate the highest common divisor of 1582 and 274.
2
What is the highest common factor of 176 and 44561?
11
What is the greatest common factor of 128 and 198752?
32
What is the highest common divisor of 331692 and 2620?
524
What is the highest common divisor of 80838 and 45?
9
What is the highest common factor of 109224 and 1230?
246
What is the greatest common factor of 6 and 299840?
2
Calculate the highest common divisor of 1446 and 182678.
482
Calculate the greatest common divisor of 1456 and 36218.
182
Calculate the greatest common factor of 12 and 68208.
12
Calculate the highest common factor of 2216 and 256.
8
What is the highest common divisor of 1240 and 1873144?
248
Calculate the highest common factor of 13420 and 242.
22
Calculate the greatest common factor of 477 and 1494.
9
Calculate the greatest common divisor of 68740 and 1120.
140
What is the highest common divisor of 8433 and 9?
9
What is the greatest common factor of 36 and 30924?
36
What is the greatest common divisor of 579 and 242601?
579
What is the highest common factor of 11644 and 1278?
142
What is the greatest common factor of 539 and 15869?
7
Calculate the highest common factor of 180 and 102015.
45
What is the greatest common divisor of 24586 and 1941?
647
What is the greatest common factor of 100 and 63900?
100
Calculate the highest common divisor of 27222 and 52.
26
What is the greatest common factor of 8715 and 464385?
1245
What is the greatest common factor of 515567 and 39?
13
Calculate the greatest common divisor of 123 and 1341.
3
Calculate the greatest common divisor of 66 and 14961.
3
What is the highest common factor of 28 and 1660246?
14
Calculate the greatest common factor of 19 and 881581.
19
Calculate the greatest common divisor of 42828 and 22742.
166
Calculate 